er?
False
Is 365467727 prime?
False
Is 881429233 a composite number?
False
Is 12026247583 composite?
True
Is 149935469 a composite number?
False
Is 2253622237 prime?
True
Is 389118927 a prime number?
False
Is 1839868309 composite?
False
Is 1801320881 composite?
False
Is 1127395847 composite?
True
Is 2452707479 a prime number?
False
Is 7450790507 prime?
False
Is 157133351 a composite number?
False
Is 54918436058 composite?
True
Is 5178256147 composite?
True
Is 1562154491 a prime number?
True
Is 202153871 composite?
True
Is 1309072159 composite?
True
Is 376999747 a prime number?
False
Is 21975137357 composite?
False
Is 8327323651 prime?
False
Is 123792157631 a prime number?
True
Is 1088744737 composite?
False
Is 63187341713 a composite number?
True
Is 2766948347 a composite number?
False
Is 31885614491 prime?
False
Is 4592941429 a prime number?
True
Is 3602419279 composite?
False
Is 112453907 a composite number?
False
Is 5933690969 a prime number?
True
Is 70823369 a composite number?
False
Is 71057249 a composite number?
False
Is 7099193723 prime?
False
Is 625580927 a composite number?
False
Is 3383117377 a prime number?
True
Is 320854351 a prime number?
True
Is 1182106391 a prime number?
True
Is 4722511463 prime?
True
Is 16414113613 prime?
True
Is 33071421557 a composite number?
False
Is 85991743 composite?
False
Is 1884613153 composite?
False
Is 68148394 composite?
True
Is 2127808715 prime?
False
Is 55463354411 composite?
True
Is 1222357027 a composite number?
False
Is 37102984057 a composite number?
True
Is 1952153017 a composite number?
False
Is 70385857453 prime?
True
Is 3722832077 prime?
True
Is 252718171 composite?
True
Is 4130388419 composite?
True
Is 42569629955 prime?
False
Is 5777190722 a composite number?
True
Is 1028729573 a composite number?
True
Is 1969040881 prime?
False
Is 370460358071 composite?
False
Is 3513000941 a prime number?
False
Is 21549473223 a composite number?
True
Is 21443256787 composite?
True
Is 3662755753 a composite number?
False
Is 7367423731 composite?
False
Is 2374654213 a prime number?
True
Is 2792079581 prime?
False
Is 382644127 a prime number?
False
Is 5806975261 composite?
True
Is 3001159387 a prime number?
True
Is 31091996101 a prime number?
False
Is 3063026903 composite?
False
Is 5920897721 a prime number?
True
Is 771026617 composite?
True
Is 261075401 a composite number?
True
Is 5866960291 composite?
True
Is 18998351681 composite?
False
Is 15658522049 a composite number?
False
Is 38940222947 composite?
True
Is 4904473711 a composite number?
False
Is 4072502537 a prime number?
True
Is 1471781177 composite?
False
Is 562199107 composite?
False
Is 25415474705 prime?
False
Is 44129704363 prime?
True
Is 1473099391 composite?
False
Is 532206863 a composite number?
False
Is 19923798481 composite?
True
Is 20885057863 composite?
False
Is 1397797697 a composite number?
True
Is 2169032743 a composite number?
False
Is 35414135257 a composite number?
True
Is 873382121 prime?
True
Is 1740966113 prime?
False
Is 47127834849 composite?
True
Is 201896477 a prime number?
True
Is 3774134669 composite?
True
Is 2019517739 composite?
False
Is 12778979041 prime?
True
Is 41229582067 a composite number?
False
Is 78571426943 a prime number?
True
Is 5642190781 composite?
False
Is 99825077531 composite?
True
Is 20698606759 prime?
True
Is 25755865381 prime?
False
Is 5033915713 composite?
True
Is 484326533 a prime number?
True
Is 18873941171 prime?
True
Is 2380617469 a prime number?
True
Is 1202158123 composite?
False
Is 206502806 prime?
False
Is 6004535531 a prime number?
True
Is 4930655347 prime?
True
Is 65590781 composite?
True
Is 858582337 composite?
True
Is 37424352851 a composite number?
False
Is 1083194303 a composite number?
True
Is 175967147 prime?
True
Is 12331774439 a composite number?
True
Is 39608706799 a composite number?
False
Is 338506356257 a prime number?
True
Is 15263148737 a prime number?
True
Is 3003471067 prime?
True
Is 6388850207 prime?
True
Is 9368655617 composite?
False
Is 3500017285 a composite number?
True
Is 21601074503 a prime number?
True
Is 116201325277 a composite number?
False
Is 2823397417 a composite number?
True
Is 7064387677 a prime number?
True
Is 9485035673 a prime number?
True
Is 9739979723 prime?
False
Is 28108251049 composite?
False
Is 4181426699 a prime number?
True
Is 89686721837 a prime number?
False
Is 3417064513 a composite number?
False
Is 7447764613 prime?
True
Is 885176179 prime?
False
Is 2920659421 a prime number?
True
Is 22432683473 composite?
False
Is 19857759 a composite number?
True
Is 1980657473 a composite number?
False
Is 34291352621 composite?
False
Is 94321952191 prime?
True
Is 40959200911 a prime number?
False
Is 34909577 a composite number?
True
Is 377177167 composite?
False
Is 1476975943 a prime number?
False
Is 292314599 prime?
True
Is 40717752797 prime?
False
Is 27545249 a composite number?
False
Is 513142017 prime?
False
Is 46120293187 a composite number?
False
Is 269990003 prime?
False
Is 1501752587 composite?
False
Is 34466968241 a composite number?
False
Is 28568049271 a composite number?
True
Is 81540002377 composite?
False
Is 168626011 a prime number?
False
Is 70648829 a composite number?
True
Is 1086845447 prime?
True
Is 80053833341 a prime number?
False
Is 4384531597 a composite number?
False
Is 7836062743 a prime number?
True
Is 109842381807 composite?
True
Is 3358713257 composite?
False
Is 17086012851 a prime number?
False
Is 9342591047 a composite number?
False
Is 64251738907 prime?
True
Is 6390599051 a composite number?
True
Is 18446861441 composite?
False
Is 14306254701 composite?
True
Is 2562911753 prime?
False
Is 247016551 composite?
True
Is 2871417091 prime?
False
Is 1340281 composite?
False
Is 2130467041 a composite number?
False
Is 860893567 a composite number?
False
Is 1629288047 prime?
False
Is 3016242311 prime?
False
Is 42477362657 composite?
False
Is 125547067 a prime number?
True
Is 93266037682 prime?
False
Is 115017899 a prime number?
True
Is 372381883 a composite number?
False
Is 324581687545 a composite number?
True
Is 3784011977 composite?
False
Is 7111343669 composite?
False
Is 3229177981 a composite number?
True
Is 5511195817 a prime number?
True
Is 899605417 a composite number?
True
Is 2684569733 prime?
True
Is 3315264331 composite?
False
Is 2841348371 a composite number?
True
Is 46877774807 a composite number?
False
Is 1485625901 prime?
True
Is 10142489557 prime?
True
Is 4898936519 composite?
True
Is 4905618097 composite?
False
Is 27963780629 a prime number?
True
Is 544079201 a prime number?
False
Is 26131540595 a composite number?
True
Is 18560795117 a composite number?
True
Is 583662983 composite?
True
Is 27096246113 a prime number?
False
Is 27217577741 composite?
False
Is 1045076059 a prime number?
True
Is 230855501 prime?
True
Is 496996609 prime?
False
Is 3120752927 a composite number?
True
Is 6620556883 composite?
True
Is 835986241 a composite number?
False
Is 1600964501 prime?
True
Is 187967887 a prime number?
False
Is 27522153193 a composite number?
False
Is 619303297 composite?
True
Is 52822666565 prime?
False
Is 1395669997 prime?
True
Is 24871082183 prime?
True
Is 417047797 prime?
True
Is 63075723371 prime?
True
Is 8457571849 a prime number?
True
Is 6177216959 composite?
False
Is 44130681187 composite?
True
Is 485332301 prime?
True
Is 115255603649 prime?
False
Is 1277568206 prime?
False
Is 152086981 prime?
False
Is 15494952229 prime?
True
Is 49599427783 a composite number?
True
Is 425703497 prime?
False
Is 1468880383 prime?
True
Is 1044093571 prime?
True
Is 9106469521 prime?
False
Is 106773299417 composite?
False
Is 21809909441 composite?
True
Is 8611208146 a composite number?
True
Is 2452278743 a composite number?
False
Is 5171753471 composite?
True
Is 82300089 a composite number?
True
Is 1694008201 composite?
True
Is 6718369481 composite?
False
Is 549993973 prime?
True
Is 4231138391 a composite number?
True
Is 365518871 prime?
False
Is 204288401 a prime number?
True
Is 6890372179 a composite number?
True
Is 44465644583 a composite number?
False
Is 89622839591 prime?
True
Is 9328111549 a composite number?
True
Is 10655580049 a composite number?
True
Is 102254101 composite?
True
Is 40635435017 composite?
False
Is 14780279387 